 9*d - 8. What is q(h)?
-18
Let t(d) = d**3 + 16*d**2 + d + 17. Let i be t(-16). Suppose n + i = -2. Let r(k) = -3*k - 3. Determine r(n).
6
Let d be -15 + -19 + -1 + -1. Let i be (-4 - d - -3) + 2. Let m(q) = -q + 3*q + 39 - i. Determine m(6).
14
Let h(t) be the first derivative of 5*t**2/2 - 3*t - 335. Determine h(-3).
-18
Let y be 135/12 - (-8)/(-32). Let p(u) = u + 2. Determine p(y).
13
Let g(u) = u**2 - 5*u + 6. Let a be g(6). Let n(s) = -5*s + 6 + a*s - 5*s. What is n(6)?
18
Let c(z) = z**3 - 6*z**2 - 2*z - 4. Let t = -207 + 213. What is c(t)?
-16
Let u(j) = -7*j - 25261 + 25261 + j**2. Suppose 0 = -5*d - 5*b + 8 + 32, 16 = 3*d - b. What is u(d)?
-6
Let c(k) = -2*k**2 - 4*k. Let n be ((-4)/10)/((-11)/110). Suppose 0 = -0*u - 4*u - 12. Let j be n/(-4)*(-12)/u. Calculate c(j).
-16
Let n(i) = i**3 - 14*i**2 + 14*i - 11. Let v be n(13). Suppose 0 = -3*z + v + 4. Let t(u) = 0*u - 2 + 2*u + 3*u - 3*u**z - 3*u. What is t(2)?
-10
Let z = -1086 + 1082. Let r(v) = 13*v + 4. Calculate r(z).
-48
Suppose 0*j - 10 = 5*j. Let g be (-22)/(-10) - (-48)/60. Let y(r) = -g - 2*r - 1 + 1 - 2*r. Give y(j).
5
Let m be 6 + 1/((-6)/168*4). Let u(y) = y - 1. Calculate u(m).
-2
Let y(g) = -g**2 - g - 5. Let h(o) = -o**2 - 2*o - 5. Let j(f) = 6*h(f) - 5*y(f). Let q(w) = -w**3 - 13*w**2 - 2*w - 30. Let i be q(-13). Determine j(i).
7
Let n(z) = 5*z - 76 - z**2 + 82 - z**3 + 0*z**2 - 3*z**2. Calculate n(-4).
-14
Let j(i) = 6*i. Let n(w) = -9*w + 2. Let v be n(3). Let t be 1 + v + 0/3. Let y be (-32)/t*(-6)/4. Calculate j(y).
-12
Let z be (-1)/(-2)*(-12)/(-6). Let o(y) = 14*y - z - 9*y - 4*y. Let j be (-2)/(-1) + (-2 - -1). What is o(j)?
0
Let c(f) = -7*f**3 + 18 - 4*f**3 + 5*f**2 - 5*f - 15 + 12*f**3. Suppose -2*k + 3 = -4*v - 1, 3*k - 5*v = 2. Determine c(k).
-3
Let x(h) = -3 - 1 - 7*h + 3 + h**2 + 6*h**2 - h**3. Suppose 2*a + 2*r - 12 = 0, -a - 2*a + 19 = 4*r. Suppose g - 1 = 0, -2*y - a*g = y - 23. Determine x(y).
-7
Let h(n) = -n + 2. Let j(u) = -4*u - 8. Let c(k) = -5*h(k) + j(k). Calculate c(17).
-1
Let q be (-12)/((-36)/33) + -13. Let t(l) be the third derivative of l**6/120 - l**5/60 - l**4/8 - l**3/2 + l**2. Give t(q).
-9
Let d = 4 - 3. Let m(g) be the first derivative of -g**2/2 + g - 31. Give m(d).
0
Let i(k) be the first derivative of -k**2 + k + 159. Suppose 2*j = -2 - 2. Determine i(j).
5
Let u(d) = -12*d**3 + d - 1. Let k(o) = -o. Let h(s) = 2*s**2 + 18*s - 1. Let i(y) = -h(y) + 2*k(y). Let g be i(-10). What is u(g)?
-12
Let f(j) = -7 - 2*j - 14 - 12 - 20 + 50 + j**2. Give f(3).
0
Let i(r) = r + 7. Let b(z) = z**3 - 16*z**2 + 13*z + 23. Let a be b(15). Let x be -4 + (-2 + a)/3. What is i(x)?
0
Let l(h) = -h**2 - 2*h - 1. Let o(w) = w**2 + 7*w - 5. Let i be o(-8). Let u be (-30)/(-20)*(-4)/i. Determine l(u).
-1
Suppose 0 = -2*s + s. Let p be 18/6 - (s - -3). Suppose -k + 4*d - 4 = 3*k, p = 5*k + 5*d + 25. Let x(v) = -2*v**2 - 3*v - 1. What is x(k)?
-10
Let b(d) = -3*d**2 - 2 + 113*d**3 - 1 + 2*d - 111*d**3. Let h be b(2). Let f(v) = 3*v + 1. Let m(z) = -2*z - 1. Let r(l) = -4*f(l) - 5*m(l). What is r(h)?
-9
Let t(c) = c**2 - 14*c - 14. Suppose 7*n - 4*s = 109, 2*s - 11 = -n + 2. Calculate t(n).
1
Let r(t) = t**2 - 15*t + 5. Suppose -4*i + 88 = 5*x, 0 = i + 2*x - 5 - 20. What is r(i)?
39
Let v = -11 + 30. Let x(s) = -2 - 2*s**2 + s**2 + 37*s - 16*s - v*s. What is x(2)?
-2
Let f be 9/(-6)*(-20)/15. Let q be (4/(-2) - f)*2. Let n(x) = x + 3. What is n(q)?
-5
Let k be (-2)/5 + 459/135. Let b(o) be the first derivative of k*o - 9 + 1/2*o**2. Determine b(-2).
1
Let j(u) = -2*u**2 - 26*u + 30. Let s be (-11904)/868 + (-9)/7 + 1. What is j(s)?
2
Let t(u) = 2*u + 4. Let x be t(-1). Let p(o) = -7 + 3*o**3 + 5*o**3 - 10*o**3 - 7*o**x + 3*o**3 + 6*o. What is p(6)?
-7
Let k(w) be the third derivative of -w**5/60 - 7*w**4/8 + 19*w**3/6 - 69*w**2. Calculate k(-22).
-3
Let r = 12 - 26. Let g = 8 + r. Let h(u) = 7*u**2 + 5*u + 8. Let a(d) = 12*d**2 + 11*d + 16. Let x(m) = 3*a(m) - 5*h(m). Give x(g).
-4
Let s be ((-24552)/55)/24 + (-3)/(-5). Let d(v) = -v**2 - 20*v - 36. What is d(s)?
0
Suppose 23 - 11 = 6*l. Let z(y) = -4*y + 16*y**2 - 17*y**l + 3*y. Calculate z(-1).
0
Suppose 3*c - 2*c = 5. Let i(f) = f - 7. Let w(b) = 2*b + 14. Let q(s) = 3*s + 14. Let n(m) = 4*q(m) - 5*w(m). Let o(y) = -7*i(y) + 3*n(y). Calculate o(c).
2
Let d(r) = -105*r - 2*r**2 + 0 + 2 - 4 + 120*r. Give d(7).
5
Let u(v) = -v**3 - 3*v**2 - 3*v + 3. Let c be u(-3). Let r(t) = -t**3 + 11*t**2 + 12*t - 3. Determine r(c).
-3
Let n(d) be the third derivative of -1/120*d**6 + 16*d**2 - 1/15*d**5 + 0 + 0*d - 7/6*d**3 + 1/6*d**4. Determine n(-5).
-2
Suppose 0*o - 4*v = 2*o + 94, 0 = 5*v. Let p = o + 53. Let w(u) = 3*u - 1. Determine w(p).
17
Let s be 0/(((-1)/2)/((-4)/(-8))). Let v(p) be the third derivative of 0*p**3 + 0 + 1/10*p**6 + 1/24*p**4 - 1/30*p**5 + s*p - 3*p**2. Give v(1).
11
Let i(n) be the third derivative of n**5/20 + n**4/3 + n**3/2 - 453*n**2. Give i(-2).
-1
Let k(s) = s - 11. Let g(r) = -2*r**2 - 13*r + 7. Let l be g(-6). Determine k(l).
2
Let l(n) be the third derivative of n**6/24 + n**5/30 + n**4/24 + 2*n**2. Let u = -15 + 16. Suppose r - u = 2*r. Calculate l(r).
-4
Let o(d) = -d**3 + d**2 - 2*d + 3. Suppose -8*s + 11 + 21 = 0. Suppose -g + 2 = 1, s*r + 3*g - 11 = 0. Calculate o(r).
-5
Let y(g) = 159*g**2 - 53*g**2 + 1 - 2 - 42*g**2 - 51*g**2 + 0. Suppose 6 = -3*o, -2*c - 1 = c - o. Let p = -2 - c. Determine y(p).
12
Let x(v) = -6*v**3 + 5*v**2 - 45*v + 16. Let b(f) = -f**3 + f**2 - 8*f + 3. Let o(z) = 11*b(z) - 2*x(z). Suppose 0 = -k - 4 + 3. What is o(k)?
-1
Let v(a) = 4*a + 0 - 9 + 4*a**2 + 5. Let w(q) = -3*q**2 - 3*q + 4. Let z(y) = 2*v(y) + 3*w(y). Let g = -26 - -23. Give z(g).
-2
Suppose -5 = -5*k, 4*u + 0*k - 14 = 2*k. Suppose -4*p + 3*p = -2. Let b(m) = -7*m - 4 - 29*m**2 + 6 + 30*m**p. What is b(u)?
-10
Let d(m) be the third derivative of -5/24*m**4 + 0 - 7/60*m**5 + 5/3*m**3 + 1/120*m**6 + 24*m**2 + 0*m. What is d(7)?
-25
Suppose -17*h + 10 + 58 = 0. Let n(o) be the second derivative of -5/12*o**h - 1/2*o**2 - 1/20*o**5 - 3*o - 2/3*o**3 + 0. Calculate n(-3).
-7
Let s(a) = 7*a**3 + 1. Let o(z) = -19*z + 24. Let k be o(-6). Let j = k - 139. Calculate s(j).
-6
Let z(k) = -k**2 + 9*k - 22. Suppose 15*y = 18*y - 5*c - 10, 4*y - 24 = -4*c. Give z(y).
-2
Let n(z) = z + 2. Let p be n(0). Suppose -p = 2*w - 6. Let a(g) be the second derivative of g**5/20 - g**4/6 - 2*g**3/3 + 3*g**2/2 - 9*g. Give a(w).
-5
Suppose i + 7 = 3*p, 5*p + 0*i - 15 = 5*i. Let u(l) = 6*l - 6*l**2 + 2*l**p + 2*l**2 + l**2. What is u(4)?
8
Suppose -u + 3*t + 3 = 0, 5*u + 2*t = 18 - 3. Suppose x - 2*d = -2, -5*x + 3*d + 0 - u = 0. Let p(w) = 156*w - 175*w + 9 + 20*w. What is p(x)?
9
Let p = -308 - -314. Let u(d) = 6*d - 11*d**2 - 2 + 10*d**2 + 0. Determine u(p).
-2
Let x = -15 - -21. Let q(n) = 1. Let i(g) = -2*g + 12. Let u(h) = i(h) - 4*q(h). Determine u(x).
-4
Let h(w) = -8*w + 43. Let j(o) = o**3 + 10*o**2 - 22*o + 26. Let n be j(-12). Let d(u) = -2*u + 11. Let k(z) = n*h(z) - 9*d(z). What is k(9)?
5
Suppose -5*b + f - 3*f - 8 = 0, -4*b = 2*f + 6. Let u be 2 + 2/4*b. Let m(s) = -32*s + 11. Let k(j) = 14*j - 5. Let h(a) = 9*k(a) + 4*m(a). What is h(u)?
-3
Suppose 19*d = 14*d - 25. Let u(o) = o**2 - 10*o - 2. Let p(v) = v**2 - 9*v - 2. Let m(t) = d*u(t) + 6*p(t). Give m(4).
-2
Suppose 3*a - 10 = s - 2*s, 0 = -2*a + s. Let q(b) = -7873*b**2 - b**3 - 3*b + 3935*b**2 + 3942*b**2 + 2. Give q(a).
4
Let c(b) be the first derivative of b**3/6 + 25*b + 34. Let t(l) be the first derivative of c(l). Calculate t(-2).
-2
Let i(r) = -r - 19. Suppose -16*s + 154 = -27*s. Give i(s).
-5
Let f(z) = -z**3 - 2*z**2 + z + 4. Suppose -5*y = 3*y - 16. Suppose q = y*h + 5*q - 10, -h + q - 7 = 0. What is f(h)?
10
Let m(x) = 2*x**3 + x - 2. Let i(k) = 2*k**3 + k - 2. Let g(w) = -3*i(w) + 2*m(w). What is g(2)?
-16
Let i(l) = l**2 - 6*l + 4. Let b(t) = -6*t**3 + t**2 + t. Let y be b(-1). Let p be -5 + 7 + 3*y. Let m be 75/p + (-2)/(-8). Determine i(m).
-4
Let u(j) be the first derivative of j**3/3 - j + 22. Let d be 6/4*(-44)/(-33). Give u(d).
3
Let i(r) = r**2 + 9*r + 1. Let g(w) = -w**2 - 8*w + 36. Let o be g(9). Let c be o/17 - (-3 - 212/(-68)). What is i(c)?
-13
Suppose 0*o + 8 = -4*o. Let l = o + 7. Let k(s) = 2*s + 3*s - 6*s. Giv